 y(a) = -36*a - 18. List the prime factors of y(-6).
2, 3, 11
Let f(s) = -s + 15. Let w be f(12). Suppose 0 = -w*q + 6. List the prime factors of q.
2
What are the prime factors of 44*(3 - 35/20)?
5, 11
Let j(t) = t**3 + 7*t**2 - 8*t + 9. Let s be j(-8). Let p = 21 - s. List the prime factors of p.
2, 3
Suppose 0 = -4*m - 0*m. What are the prime factors of 10/(-4)*(-2 - m)?
5
Let s(x) = -x**3 - 4*x**2 + 4*x - 3. Let v(n) = n**2 + 7*n + 9. Let t be v(-6). Suppose -t*d + 7*d = -20. List the prime factors of s(d).
2
Let i(x) = 2*x**2 - 2*x**2 + x**2 + 2*x**2 - 1 + x**3. List the prime factors of i(-2).
3
Let z = -1 - -7. Let c = 9 - z. Suppose 44 = c*d + d. List the prime factors of d.
11
Suppose 2*b + 2*v = 40, -v = -5*v. List the prime factors of b - (-3 + (-7)/(-1)).
2
Let i(c) = -c**3 - 6*c**2 - 5*c + 2. Let w be i(-5). List the prime factors of ((-1)/2)/(w/(-20)).
5
Let i(q) = 2*q**3 - 2*q**2 - 4*q + 2. List the prime factors of i(3).
2, 13
Let p be (-6*1)/(3/(-16)). Suppose v + 3*n - 15 = 0, -4*v + 2*n = -0*n - p. Let d = 3 + v. List the prime factors of d.
2, 3
Let z = -11 - -3. Suppose -92 - 16 = -4*h. Let q = z + h. What are the prime factors of q?
19
Let j(s) = -5 - s - 3*s - 5 + 5*s. Let i be j(10). Suppose c - 14 = -i*c. What are the prime factors of c?
2, 7
Let a(w) = 2*w**2 - 15*w + 36. What are the prime factors of a(8)?
2, 11
Let j(x) = x**2 - 5*x - 2. Let r be j(5). Let i(k) = k**3 + 2*k**2 + 2. What are the prime factors of i(r)?
2
Let x(a) = 3*a**3 + 2*a**2 - 4*a + 8. What are the prime factors of x(2)?
2
Let r = -6 + 10. Suppose 3*x - 15 = r*z - z, 21 = 5*x - z. Suppose 39 = x*j + 3. List the prime factors of j.
3
Let y = 46 - -7. What are the prime factors of y?
53
Suppose y = o + 121, -7*y + 9*y = -o + 254. What are the prime factors of y?
5
Suppose 0 = 14*h - 60 - 808. List the prime factors of h.
2, 31
Let v = -164 + 268. What are the prime factors of v?
2, 13
Suppose 3*f + 13*f = 2288. List the prime factors of f.
11, 13
Let k(l) = -l + 0*l + 0*l + 13 - 4. What are the prime factors of k(4)?
5
Suppose 3*q = -0*q + 213. What are the prime factors of q?
71
Let h = -4 + 6. Suppose -18 - 2 = h*z. What are the prime factors of (z - -1)/((-3)/2)?
2, 3
Suppose -g + 10 = -79. List the prime factors of g.
89
Suppose 0 = 5*l - 5 - 20. Let d be (-32)/l + (-10)/(-25). What are the prime factors of 81/d*2/(-3)?
3
Let z(h) = 12*h - 17. List the prime factors of z(10).
103
Suppose -7*z = 3*z - 1500. List the prime factors of z.
2, 3, 5
Suppose 0 = 4*h - 211 - 481. What are the prime factors of h?
173
Let f(c) = -3*c + 6. List the prime factors of f(-8).
2, 3, 5
Let s = 3 - -11. What are the prime factors of s?
2, 7
Suppose 34 = -n + 106. What are the prime factors of n?
2, 3
Let k(d) = -d - 4. Let h be k(-5). Let v(n) = 8*n - 1 + 1. List the prime factors of v(h).
2
Let v be (-3 + (1 - -1))*-19. Let n = v - 5. What are the prime factors of (-19)/(-7) + 4/n?
3
Let t = 117 + -48. What are the prime factors of t?
3, 23
Suppose 27*p - 1080 = 15*p. List the prime factors of p.
2, 3, 5
What are the prime factors of 5/(-10) - (-15)/2?
7
Let f(x) = 7*x + 41. List the prime factors of f(13).
2, 3, 11
Suppose 76 = 3*w - 14. List the prime factors of w.
2, 3, 5
List the prime factors of (-1 + (-10)/(-15))*-222.
2, 37
Let t(y) = y**2 - 3*y + 2. Let a be t(2). Let p(w) = -w + 25. Let o be p(17). Suppose a = -0*f + f - o. List the prime factors of f.
2
Let o = 8 - 11. Let m be -2 - o/6*4. Suppose -40 = -4*b - m*b. List the prime factors of b.
2, 5
Let d(o) = o**3 - 2*o**2 + 3*o. Let b be d(2). Let m(l) = 3 + l + 3*l + l**3 + b*l**2 - 1. What are the prime factors of m(-5)?
7
Suppose -4*z - 25 = k, k - 5*z = 6 + 14. Let x = k - -11. List the prime factors of x.
2, 3
Let f = 106 + 52. List the prime factors of f.
2, 79
Let w be 18/(-30)*-5*1. Let f be (-10)/w*6/(-2). List the prime factors of f/(-6)*(-6)/2.
5
Let m = -48 + 73. List the prime factors of m.
5
Let o(x) = x**3 - 5*x**2 + x + 4. Let w(z) = -z**2 + 6*z + 5. Let k be w(6). What are the prime factors of o(k)?
3
Let z = -178 + 331. What are the prime factors of z?
3, 17
List the prime factors of ((-51)/15 - -4)*85.
3, 17
Let h = -7 + 13. Let d be (-2)/h - (-42)/18. Suppose -d*i + 24 = -0. What are the prime factors of i?
2, 3
Let q(c) = -c - 8. Let i be q(-8). Suppose 0 = v - i*v - 30. What are the prime factors of v?
2, 3, 5
Let c(y) = 8*y**2 - 2*y + 1. Let w be c(1). Let p = w - 0. What are the prime factors of p?
7
Suppose 6*z = 2*z + 16. Let o be (-2)/(-7) + (-250)/(-7). Suppose z*i - o = i. What are the prime factors of i?
2, 3
Let l(p) be the third derivative of p**5/15 + p**4/12 + 3*p**2. What are the prime factors of l(2)?
2, 5
Suppose s - 2*k - 146 = -0*k, s - 4*k = 140. List the prime factors of s.
2, 19
What are the prime factors of (-6)/10 + -4*498/(-20)?
3, 11
Suppose z = -z - 2. Let m be (-2 - 0/2)*z. What are the prime factors of 11 + (0 - m) - 0?
3
Let g(n) = -n**2 + 9*n - 5. Let s be g(8). Suppose -5*h + u + 155 = 0, 8*u + 62 = 2*h + s*u. What are the prime factors of h?
31
Let a be (16*-1)/((-2)/11). Suppose 5*o - 5*w + 15 = 0, 3*o - 2*w = -o - 2. Suppose -6*x = -o*x - a. What are the prime factors of x?
2, 11
Let n(c) = -c**2 - 19*c + 6. List the prime factors of n(-9).
2, 3
Let q = 26 + -16. Let p be (-15)/6 - 2/4. What are the prime factors of 1*q - (p + 2)?
11
Let y(j) = -19*j**3 - 4*j**2 + 2*j + 5. Let f(n) = -38*n**3 - 9*n**2 + 4*n + 11. Let g(w) = -4*f(w) + 9*y(w). What are the prime factors of g(-1)?
2, 3
Let a = -63 + 89. Suppose -14 - a = -4*f. What are the prime factors of f?
2, 5
Let a(h) = 25*h + 2. What are the prime factors of a(1)?
3
Let l(d) = -d**3 - 7*d**2 - 2*d - 3. Let w = 0 + 1. Suppose -w + 22 = -3*n. List the prime factors of l(n).
11
Let s = 8 - -8. Suppose 0 = -5*g - s + 216. What are the prime factors of g?
2, 5
Suppose -3 = -3*j - 0. Let p(b) = 3*b**2 + 2*b - 1. Let s be p(j). Suppose 5*c + s*n = -0*c + 47, -5*n = -15. List the prime factors of c.
7
Suppose 3*k + 2 = 2*p, 0 = 3*k + 2*p - 5 - 9. What are the prime factors of (8/k)/(2/2)?
2
Let p be ((-24)/14)/(1/(-91)). Suppose 4*q - 7*q = -p. What are the prime factors of q?
2, 13
Let z be 20/12 - (-1)/3. Suppose 0 = 5*n - z*n - 66. List the prime factors of n.
2, 11
Let i(f) = -f**3 + 2*f**2. Let u be i(-3). Suppose 3*c - u = 2*c. Suppose -w + 2*w = -2*y + 8, 5*w = -5*y + c. List the prime factors of w.
2, 5
Suppose -10 = -3*l + 4*o + 75, -3*o = -5*l + 127. What are the prime factors of l?
23
Suppose 0 = 4*w - 24 - 28. List the prime factors of w.
13
Let r(z) = z**2 + 2*z - 2. Let w be r(-3). What are the prime factors of w*-2 + 2 - -2?
2
Let y be (24/20)/((-4)/(-10)). Suppose 4*d = l + 1, -2*d + y*d = -5*l + 37. List the prime factors of l.
7
Suppose 38 = 5*k + 13. Let q(b) = 2 - 2*b - b - k. What are the prime factors of q(-2)?
3
Suppose 4*f = 18 - 2. Suppose 3*t - 25 + f = 0. What are the prime factors of t?
7
Suppose 3 = r - 4*r. Let o(v) = -19*v. Let x be o(r). Let y = x - 12. List the prime factors of y.
7
Let f = -2 - -6. Suppose -f*w = -2*w. Let i = 9 + w. What are the prime factors of i?
3
Let k(j) = -j**3 - 16*j**2 - 22*j + 1. List the prime factors of k(-15).
2, 53
Let r(f) be the third derivative of f**6/120 + f**5/12 + f**4/24 - 5*f**3/6 - 3*f**2. What are the prime factors of r(-4)?
7
Suppose -2*y = 10, 0*q + 5*y + 439 = 2*q. What are the prime factors of q?
3, 23
Suppose 5*f - 207 = -2*k, k + 150 + 26 = 4*f. What are the prime factors of f?
43
Let p = -26 + 73. Let k = p - 24. What are the prime factors of k?
23
Suppose 0 = 12*f - 15*f + 54. List the prime factors of f.
2, 3
Let v be 4/3 + 2/3. Let i(b) = -b**3 + 5*b**2 - 3*b + 2. Let z be i(2). What are the prime factors of z/1 + v*1?
2, 5
Suppose t + 523 = 3*k, -2*t + 7*t + 340 = 2*k. List the prime factors of k.
5, 7
Let t be (-6)/21 + (-74)/(-14). Suppose 0 = 2*u + t - 83. Suppose -u = -4*x + m, 5*x - m - 35 = 3*m. List the prime factors of x.
11
Suppose -99 = -2*j - 3*b + 2*b, 97 = 2*j + 3*b. List the prime factors of j.
2, 5
Let a be (-18)/(-4)*(-4)/(-6). Let o be ((-3)/2)/(a/(-4)). Suppose j + o*j = 15. List the prime factors of j.
5
Let y = 12 + -7. Suppose -62 = -y*i + 43. List the prime factors of i.
3, 7
Let z = 4 + -